?
2, 3, 7
Let k = -3828 - -12789. What are the prime factors of k?
3, 29, 103
Let f = 11546 + -6292. What are the prime factors of f?
2, 37, 71
Let t be 4/6*(-8 + 2). What are the prime factors of (2/(-10) - 6783/(-15)) + t?
2, 7
List the prime factors of 255*3816/48*16/9.
2, 5, 17, 53
Let f(w) = 34*w**2 + w**3 + w + 10 + w - 39*w**2. Let j be f(4). Suppose 0 = v - j*v + 135. List the prime factors of v.
3, 5
Suppose 3*q + 4*m + 13216 = 151350, 0 = 3*q + 2*m - 138142. List the prime factors of q.
2, 3, 5, 307
Suppose g - 4*l - l - 19 = 0, 3*g + 3 = -5*l. Suppose 0 = z + b - 408, -g*z + 10*b - 5*b = -1632. Suppose 23*h - 31*h = -z. What are the prime factors of h?
3, 17
Suppose 2*m + 30*u - 100 = 32*u, 4*m - 194 = -2*u. Suppose -65*k = -m*k - 7872. List the prime factors of k.
2, 3, 41
Let n(d) = 1008*d**3 + 3*d**2 + 46*d - 48. What are the prime factors of n(1)?
1009
Let z = 32885 - -1541. List the prime factors of z.
2, 7, 2459
Let j be 5 + -2 + 0 - 3. Suppose -31*m + 24*m + 2786 = j. List the prime factors of m.
2, 199
Let i(n) = 21*n - 603. Let t be i(28). Suppose -9 = -5*d + 31. List the prime factors of 1970/t*(-12)/d.
197
Suppose 121*b + 217959 = 937425. List the prime factors of b.
2, 3, 991
Let z be (6/9)/(14/105). Suppose -z*s - 1620 = -15*s. What are the prime factors of s?
2, 3
Let p(h) = 2*h**3 + 16*h**2 + 10*h + 20. Let s be p(-7). What are the prime factors of (-4)/s*-20*3?
5
Let d = -57 - -57. Suppose 3*v + 783 = 2*c, -c + 5*v + 286 + 102 = d. What are the prime factors of c?
3, 131
Let n = -79 + 77. Let b(y) = -543*y - 1. List the prime factors of b(n).
5, 7, 31
Suppose 0 = -2*w + 3*h + 31, 4*h + 13 - 1 = -w. Suppose 446 = 4*l + k, 0 = l + 5*k - w*k - 105. List the prime factors of l.
3, 37
Let l(z) = 4371*z**3 + z**2 - 74*z + 72. What are the prime factors of l(1)?
2, 5, 19, 23
Let o(b) be the first derivative of 8*b**3/3 + 33*b**2 + 37*b + 129. What are the prime factors of o(-18)?
11, 131
Let k = -3821 + 6637. Suppose -2792 = -4*o - 0*g - g, -5*g = -4*o + k. What are the prime factors of o?
3, 233
Let u = 3037 - -3226. List the prime factors of u.
6263
Let y = -337 - -1665. Suppose -14*m + y = -3278. What are the prime factors of m?
7, 47
Let v = 33481 - 11456. What are the prime factors of v?
5, 881
Let a(u) = 498*u - 8620. What are the prime factors of a(72)?
2, 11, 619
Suppose 0 = -3*y - 4*n - 2751, -6 + 0 = 2*n. What are the prime factors of y/(-4) + 7/(-28)?
2, 3, 19
Suppose 5*o = 234*w - 229*w - 58875, -w = -2*o - 11784. List the prime factors of w.
2, 3, 37, 53
Let b be 3/(42/(-7))*-10. Suppose -w - 1089 = -c + 3*w, -5*w = b*c - 5370. List the prime factors of c.
3, 359
Suppose 0 = 31*j - 39*j + 21*j - 541320. What are the prime factors of j?
2, 3, 5, 347
Let j(b) = 45*b - 19. Let c be j(3). Let a = c + 421. What are the prime factors of a?
3, 179
Let j(h) = h**2 - 18*h - 36. Let n be j(20). Suppose -92 = n*m + 2*x, 3*m = 4*x - 0*x - 91. List the prime factors of (-5)/(m/240) - 5.
43
Let y(p) = p**3 - 20*p**2 + 39*p - 27. Let k be y(16). Let v = k + 532. What are the prime factors of v?
3, 5, 7
Let p = 4206 - 1098. Suppose 0 = -4*r - 0*r + v + p, 5*r = -2*v + 3898. What are the prime factors of r?
2, 389
Suppose 6270 = -41*q + 38*q. Let c = q - -3705. What are the prime factors of c?
5, 17, 19
Let v(l) be the third derivative of l**5/15 - 13*l**4/24 + 5*l**3/3 + 21*l**2. List the prime factors of v(10).
2, 5, 7
Suppose -5*q + 4*p + 74521 = 0, -31*p + 74520 = 5*q - 36*p. List the prime factors of q.
5, 11, 271
Let n(q) = -5*q**2 + 313*q + 43. List the prime factors of n(49).
3, 5
Let c = -24770 - -44289. List the prime factors of c.
131, 149
Let b(o) be the second derivative of 29*o + 203/12*o**4 + 2/3*o**3 + 0 + o**2. What are the prime factors of b(-1)?
3, 67
Let s be 7 + (-4 - -24)/5 + 1. What are the prime factors of s/60 + 12804/30?
7, 61
Suppose 170*g = -172*g + 5372136. List the prime factors of g.
2, 3, 7, 11, 17
Let b(a) = a**2 - 7. Let t be b(3). Let o be (-323)/(-13) + t + 14/91. List the prime factors of (-2)/4*(0 + -2)*o.
3
Suppose 418 = 5*r + s, 6*s - s = -r + 74. Let q = r - 96. What are the prime factors of 2/(q/(-390)) + -1*3?
2, 31
Let v(u) = u**3 - 24*u**2 + 22*u + 24. Let i be v(23). What are the prime factors of (16/3)/(i*2/78)?
2, 13
List the prime factors of (-6046)/(-1) - (-165 + 165).
2, 3023
Let r(y) = -y**3 - 12*y**2 + 5*y + 29. Suppose 3*h - 3 = 0, d + 4*h + 3 = -7. What are the prime factors of r(d)?
3, 13
Suppose y - 4*h = -3*y - 896, -5*y - 5*h = 1150. Let r = y + 1448. List the prime factors of r.
3, 11, 37
Suppose -312495 = -98453*s + 98438*s. List the prime factors of s.
83, 251
Let i(v) = 7*v**2 + 48*v + 35. Let r be i(-6). List the prime factors of 1*26*r*114/(-12).
13, 19
Suppose -c - 2 = 0, 4*c - 7*c = a - 307. Suppose 0 = -4*y + a - 89. List the prime factors of y.
2, 7
Suppose 2*p - 93 = -97. What are the prime factors of 2/((-1 - p) + 2058/(-2072))?
2, 37
Let x(d) = 2507*d**2 + 430*d + 56. What are the prime factors of x(-6)?
2, 5483
Let n = -49 - -53. Suppose 0*t + 1 = t + n*a, 5*t - 26 = a. Suppose 9*w - 48 = t*w. What are the prime factors of w?
2, 3
Let v = -548 - -550. Let f(s) = 12*s**2 - 2*s - 1. Let n be f(-2). Let q = n + v. List the prime factors of q.
53
Let m(p) = -p**3 + 3*p**2 + p + 2. Let c be m(3). Suppose 5*r - a + 29 = 0, 2*r + 3*r + c*a = -35. What are the prime factors of -26*1*r/12?
13
Let j = -23 - -26. Suppose -t + h + j = 4, -4*t - 4*h = -20. Suppose -2*s - 12 = -4*i, 4*s + 0*s = -3*i - t. List the prime factors of i.
2
Let b(l) = -l**3 + l**2 + 2*l + 1183. Let w be b(0). Let r(x) = -x**3 + 12*x**2 - 8*x - 22. Let h be r(10). Suppose 7*n = w - h. List the prime factors of n.
5, 31
Let w = -460 + 464. Suppose w*o - 3833 = -5*d, 2*o - 2885 = 2*d - 991. List the prime factors of o.
2, 7, 17
Let n = -5 + 3. Let s(r) = -10*r + 18. Let m(o) = -4*o + 8. Let x(b) = 12*m(b) - 5*s(b). List the prime factors of x(n).
2
Let j(l) = l**2 + 6*l - 7. Let o be j(1). Suppose -906 = -4*k + k - 3*d, o = -5*k - d + 1498. List the prime factors of k.
13, 23
Suppose 3*d - 29 = -17. Suppose 25 = u + 3*i, -3*i - i - 36 = -d*u. What are the prime factors of u*-9*((-30)/9 - -2)?
2, 3, 13
Let d(w) = -w**2 + 2*w - 648. Let u be d(0). Let g = u + 1424. What are the prime factors of g?
2, 97
Suppose 12708 = 14*j - 8*j. Suppose -48*x + 46*x = -4*c + j, 4*x = -5*c + 2641. What are the prime factors of c?
23
Let i be (-46 - -58)/(1/((-4)/(-3))). Let v be i/(-24)*15/(-2). Suppose -n + 132 = 2*b + 3*n, -v*b - 5*n + 330 = 0. List the prime factors of b.
2, 3, 11
Let u(s) be the first derivative of 5*s**4/12 + 2*s**3/3 - 2*s**2 + 7*s + 22. Let p(l) be the first derivative of u(l). What are the prime factors of p(-5)?
101
List the prime factors of (-144)/30 - (-3720178)/85.
2, 21881
Suppose -6895985 = -269*n + 11568169 + 6758631. List the prime factors of n.
3, 5, 7, 19, 47
Let r(k) be the third derivative of -5*k**4/8 - k**3/3 - 747*k**2. Suppose 2*b + 9 = -3*u, -u - 4*b + 4 + 3 = 0. List the prime factors of r(u).
73
Let l = 2111 - 106. Suppose l = -5*o - 395. Let y = o - -712. List the prime factors of y.
2, 29
Suppose 2519*d - 3573092 = 2422*d. What are the prime factors of d?
2, 9209
Let z = 188650 + -121713. List the prime factors of z.
13, 19, 271
Let y(t) = t**2 - 3*t - 2. Let x be 0 + 5*(-3)/(-3). Suppose -x*i = -r + 20, 0 = r + r + 5*i + 5. List the prime factors of y(r).
2
Suppose -4*j - 5*n + 119710 = -22728, 3*j - 106819 = n. List the prime factors of j.
3, 11, 13, 83
Let u be (3 - -498) + 8/(8/5). Suppose 5*x - 786 - 271 = -4*h, 2*h - u = 2*x. List the prime factors of h.
2, 3, 43
Suppose 3473683 = 134*f - 801148 + 933541. What are the prime factors of f?
5, 4987
Let l(x) = 1727*x**3 - 4*x**2 + 39*x - 23. List the prime factors of l(3).
46687
Suppose -2*k + 3*i = -119, 3*k - 2*i - 156 = -5*i. Let l = k - 51. Suppose -3*r + 76 = -l*c - 16, -4*c = 5*r - 132. List the prime factors of r.
2, 7
Suppose -2*g - 4 = -2*q + 3*g, -q - 2*g + 2 = 0. Suppose q*j = -5*j + 4361. List the prime factors of j.
7, 89
Let p be 11/297*927 - (-10)/6. List the prime factors of 1442/4 - 18/p.
2, 3, 5
Suppose 0 = -14*o - 9*o + 7383. Suppose 8 = 2*a, 0 = l + 3*a - o - 564. List the prime factors of l